Let g(k) = 11*k**2 - 2*k + 5. Let s(d) = 16*d**2 - 3*d + 8. Let v(f) = t*g(f) + w*s(f). Give v(1).
7
Let y = 7088 + -7085. Let u(a) = -9*a + 17. What is u(y)?
-10
Let z(m) = 5*m**3 + 3*m**2 - m. Let x be (-26)/(-3) + (-2)/3. Let p(a) = -13*a**3 - 8*a**2 + 2*a - 1. Let h(b) = x*z(b) + 3*p(b). Calculate h(-2).
-7
Suppose -9*v + 63 = -9. Let p(g) = v*g + 10*g - 3 - 22*g. Let b be 2/7*(-6 + -1). Determine p(b).
5
Let q = 479 - 500. Let y be (6/9)/(14/q). Let x(u) be the third derivative of u**6/20 + u**5/60 + u**4/24 + u**3/6 - u**2. Determine x(y).
-5
Suppose 0 = 3*r + 2*i - 11 + 4, 0 = -3*i + 15. Let f be (3 - 3) + (-20)/r. Suppose -4*b - 8 = 2*h + 2, -f = 3*h + b. Let d(z) = z**2 + 10*z + 9. Calculate d(h).
-12
Let k(a) = -a**2 + 15*a - 48. Let f be k(5). Let d(x) = -311*x + 2*x**3 + 310*x + 18 - x**3 - x**f. Give d(0).
18
Let g(q) = q + 3. Suppose -3*k - 5*j = 20, -5 = 5*j + 15. Suppose k*s = 8*s - 32. Suppose -s*a + 21 = -11*a. Give g(a).
0
Let a(d) = d**3 - 2*d + 39. Suppose -605*j + 9 = -602*j, 5*m - 2*j + 6 = 0. What is a(m)?
39
Let g(k) be the third derivative of k**5/60 - k**4/3 - 4*k**3/3 - 3*k**2 + 1016*k - 12. Let w(f) = f**3 - 2*f**2 - 6*f + 1. Let q be w(4). What is g(q)?
1
Let p(v) = -3*v**3 - 3*v**2 + v + 3. Let a be p(-1). Let m(x) be the first derivative of 2/3*x**3 + 5/2*x**2 + a*x - 33. Give m(-3).
5
Let c = -133 - -173. Let f(i) = -24*i - 17 + 26*i + c - 17. What is f(13)?
32
Let a(w) = 133 + 157 + 3*w - 463 + 147. Determine a(15).
19
Let o(l) = -7*l - 2. Let w(n) = -n - 1. Suppose 5*h - 5*s = 15, -2*h - 3*s + 6 = 10. Let p(t) = h*o(t) - 4*w(t). Calculate p(8).
-22
Let h be (-11)/(-22)*0/2. Let q(p) = -7*p**2 + 11*p + 37. Let j(n) = -13*n**2 + 20*n + 68. Let d(l) = 6*j(l) - 11*q(l). Give d(h).
1
Let w(y) = 2*y + 7 + y + 2 - 2*y. Let h = 643 - 649. Determine w(h).
3
Let l(o) be the third derivative of -1/120*o**6 - 1/6*o**4 + 71 + 7/60*o**5 + o**2 - 5/6*o**3 + 0*o. Give l(6).
7
Suppose 2*a = -4*t + 11 + 1, 4 = t + a. Let v(h) = 28*h + 3*h**t - 9*h + 8*h**2 - 7*h - 13*h. What is v(1)?
10
Let s(c) be the second derivative of -c**5/20 + 5*c**4/6 - 4*c**3/3 - 7*c**2/2 - 18715*c. Suppose 4*w + 4*l = 32, -3*l + 1 = -w + 13. What is s(w)?
2
Let t(s) be the second derivative of -s - 5*s**2 - 3 - 1/6*s**3. Suppose 0 = -2*q - 2*q. Calculate t(q).
-10
Let j(g) = -17 - 4 - 39*g + 91*g - 7 - 44*g. Give j(5).
12
Let h = 9248 + -9245. Let j(o) be the third derivative of 0*o - o**2 - 1/2*o**3 + 1/60*o**5 + 0 + 0*o**4. Determine j(h).
6
Let p(a) be the second derivative of a**5/20 + a**4/6 + a**3/3 + 4*a**2 + 73*a - 4. Give p(0).
8
Suppose 2*q - 1 = 3. Let w(m) = 4 + m - 2*m + q*m. Let c(k) = -6*k**2 + 172*k - 106. Let x be c(28). Give w(x).
10
Let k(q) = -10*q**3 + 7*q**2 - 9*q - 7. Let a(z) = -22*z**3 + 15*z**2 - 19*z - 15. Suppose -104 = -6*p + 14*p. Let n(r) = p*k(r) + 6*a(r). Determine n(-2).
7
Let m = 11402 - 11403. Let y(z) = 2*z**3 - 2*z**2 - 4*z - 3. Give y(m).
-3
Let a(j) = 3*j + 4. Let d(p) = 9 - 13 + 2*p - 15. Let c be d(5). Let g = -13 - c. Determine a(g).
-8
Let s(g) = -25*g**2 + 18*g + 20. Let h(z) = 4*z - 27. Let o be h(8). Let j(b) = -16*b**2 + 12*b + 13. Let x(p) = o*s(p) - 8*j(p). What is x(3)?
5
Let c(t) = 2*t**3 - 11*t**2 - 39*t + 225. Let i be c(5). Let x(w) = -12*w + 61. Give x(i).
1
Let k(i) = 723*i**3 + 726*i**3 - 2173*i**3 + 723*i**3 + 2 - 2*i**2 + 7*i - 5*i**2. Let y = -8 - 0. What is k(y)?
10
Let u(w) = -17*w**2 + 11*w + 11. Let q(f) = 54*f**2 - 34*f - 35. Let p(g) = -6*q(g) - 19*u(g). Let t(y) = y + 1. Let j be t(-7). Give p(j).
-5
Suppose -2*b = g + 2*g - 15, -b = -5*g + 12. Suppose -6*u = b*u - 18. Let t(r) = -13*r**2 - u*r - 2*r + 3*r. What is t(-1)?
-12
Let b(d) = 4*d**3 + d**2 - d + 1. Suppose -5*x = -3*x - 8. Let r(l) = -4*l**3 - l**2 + l - 1. Let z(y) = x*b(y) + 5*r(y). Suppose -6*a = -5 - 1. Calculate z(a).
-5
Let c(w) = w**3 + 8*w**2 + 8*w + 7. Let b(q) = 83*q**3 - q**2 + 3*q - 1. Let j be b(1). Suppose -99 = 3*l - j. Calculate c(l).
42
Let o be (-5)/2*18/15. Let f(a) = 2*a**3 + 4*a**2 + 6*a + 5. Determine f(o).
-31
Let l(g) = -25*g - 1321 - 11*g - g**2 + 1438 + 17*g. What is l(-24)?
-3
Let i(d) = -17*d**2 - 2*d + 1. Let s(p) = p**3 - 9*p**2 + 18. Let r be s(9). Suppose r*w = 16 + 2. What is i(w)?
-18
Let t be ((-20)/(-6))/(14/21). Let n(v) = 4 + 3 - 15*v + 7 - 12. Let x(z) = 2*z - 1. Let c(s) = -n(s) - 6*x(s). Determine c(t).
19
Let t(r) = 11*r - 327. Let q(i) = i**2 - 158*i + 3669. Let o be q(130). What is t(o)?
-8
Let o(p) = -p**2 - 3*p - 4. Let m = -60 - -58. Let u(g) = -6*g**2 - 14*g - 22. Let z(b) = m*u(b) + 11*o(b). Determine z(5).
0
Let n(u) = -14*u + 24. Let x(v) = -3*v + 4. Let y(p) = -3*n(p) + 11*x(p). Calculate y(3).
-1
Let u(d) be the third derivative of -d**5/60 - d**4/12 + 2*d**3/3 - 8*d**2. Suppose -14 = 2*i + 2*l, 30*i - l + 5 = 27*i. What is u(i)?
1
Let f = -501 - -509. Let s(t) = 14*t**2 - 26 + 44 - 26 + 8*t - 7*t**2 - t**3. Calculate s(f).
-8
Let s = 77 + -190. Let g = s - -113. Suppose 5*x - 5*n - 12 - 3 = g, -4*n = 4*x + 12. Let u(b) = b**2 - b - 4. Determine u(x).
-4
Let j(z) = 7*z**3 - 5*z**2 - 8*z + 8. Let h(d) = d**3. Let s(q) = -6*h(q) + j(q). Let n = 40 + -13. Suppose 0 = -7*u - n + 69. What is s(u)?
-4
Let v = -2449 + 2459. Let y(p) = 5*p - 53. Calculate y(v).
-3
Suppose -20 = -0*q + 4*q. Let m be 1/q - 12/15. Let k(g) = -7510305*g**3 - g + 0*g - 1 + 7510307*g**3. Give k(m).
-2
Let o(j) = 6*j + 12*j + 6*j**3 - 17*j + 2 - 1 - 2*j**2 + 24*j**3. Determine o(1).
30
Suppose 10 = -9*l + 604. Let t = l - 63. Let p be (-2)/(21/t + -5). Let z(b) = 2*b**3 - b**2 - 2*b - 1. What is z(p)?
-2
Let m(r) = r + 1. Let w(d) = 4*d + 9. Suppose 0 = 2*a - 1 + 3. Let s(p) = a*w(p) + 5*m(p). Let k(t) = 5*t**3 - 2*t**2 - t. Let z be k(-1). Determine s(z).
-10
Let p(m) = m**2 + 5*m - 7. Suppose -11 = -9*u + 16. Suppose 5*a + 3*r = 155, -4*a + 5*r + u = -3*a. Let v = 21 - a. Determine p(v).
7
Let d(h) be the third derivative of h**6/120 - h**5/30 - h**4/24 + 3*h**3/2 + 2*h**2 + 1527*h + 1. Let p be (0/4)/((-1)/(-1)). Calculate d(p).
9
Suppose -31 = g - 2*w, -4*g - 60 = -2*w + 46. Let p(q) = -8*q - 191. Give p(g).
9
Let m(n) = n - 7 + 7*n - 16*n**2 + 15*n**2. Let d be (-5)/(-10) + 242/44. Give m(d).
5
Suppose -4*f = -w, 5 - 21 = -4*w. Let z(l) = l**3 + 0*l**3 + l**2 + 26*l - 10*l - f - 18*l. Calculate z(2).
7
Suppose -c = 3*u + 348, 0*u - 2*u - 245 = 5*c. Let q = u + 116. Let z(d) = 3*d**3 - d**2 + 1 - 7*d**3 - 3*d**3 - d + 11*d**3. Calculate z(q).
3
Let a(o) be the second derivative of o**4/12 + 10*o**3/3 - 24*o**2 + 9554*o. Give a(3).
21
Suppose 14 = 4*c + 2. Let m(v) be the third derivative of v**6/120 - v**5/30 - 5*v**4/24 + v**3/3 - 56*v**2 - 13. Calculate m(c).
-4
Let h(m) = m - 1. Let d(b) = -6*b + 9. Let g(y) = -2*d(y) - 14*h(y). Let i be 7/1 - (-286 - -299). What is g(i)?
8
Let n(l) = -76*l + 57*l + 3*l - 16 + 3*l. Calculate n(-3).
23
Let k(y) = 73512*y**2 - 23 + y**3 + 73511*y**2 - 147004*y**2 + y. Determine k(-19).
-42
Let n(y) = 28*y**2 - 19*y - 25. Let v(k) = 11*k**2 - 9*k - 10. Let l(g) = 2*n(g) - 5*v(g). Determine l(-6).
-6
Let f(h) = h**3 + h + 5 + 6*h**2 - 3 + 4. Let o be 3480/108 + 4/(-18). Suppose 17*s + o = -70. What is f(s)?
0
Let z(x) = -x - 13. Suppose -3*i - 4*p = 45, -4*p - 12 = -0*p. Let b(g) = -7*g - 85. Let o be b(i). Give z(o).
-5
Let s be (-3)/((1 + -2)*-1). Let n = 16 - 14. Let r(o) = 36 + 5*o**2 - 34 - 3*o**n + 5*o. Determine r(s).
5
Let b(z) = 4*z**2 - 3*z + 4. Let k(r) = -13*r**2 + 9*r - 12. Let l(t) = -7*b(t) - 2*k(t). Let s = -100 + 103. What is l(s)?
-13
Suppose 5*p - 4*m = 48, -3*p - p + 4*m + 40 = 0. Let f = p - -88. Let l be (-444)/f - (-6)/(-16). Let k(v) = -v**2 - 4*v + 5. What is k(l)?
0
Suppose 6*l = 50*l. Let z(m) = 4*m**2 + m + 11. Give z(l).
11
Suppose -1373*y = -1372*y + 13. Let n(g) = 2*g + 18. Give n(y).
-8
Let i = 192 - 189. Suppose 22 + i = 25*m. Let o(q) = 17*q**3. Determine o(m).
17
Let q be (-20)/(-15)*(-6)/(-16)*4. Suppose -q*i + 1 = -3. Let c(v) = 12 - 2 - 14*v**i - 9. Calculate c(1).
-13
Let k(t) = -6*t + 11. Let a be k(3). Let c be 0/(-1 + 4) - 1 - a. Suppose c*u + 3 = 15. Let m(b) = 5*b - 3. What is m(u)?
7
Let v(p) = -11*p - 57. Let t(l) = 5*l + 26. Let s(w) = -18*t(w) - 8*v(w). Give s(-2).
-8
Let i(b) = -b**2 + 43 - 18 + 29*b - 46*b. What